*h + 142. Give t(-23).
165
Let w(g) = -164*g - 13706. What is w(-91)?
1218
Let c(p) = -224422*p + 2468629. Calculate c(11).
-13
Let z(k) = k**3 + 263*k**2 - 310*k - 12479. Calculate z(-264).
-335
Let w(b) = -3404*b - 112310. Give w(-33).
22
Let k(y) = -y**2 - 8562*y - 946397. Determine k(-112).
3
Let b(p) = 2*p**2 - 3078*p + 57756. What is b(19)?
-4
Let u(o) = o**3 - 95*o**2 - 1656*o + 177771. Give u(92).
27
Let t(b) = 167288*b + 10873715. Give t(-65).
-5
Let z(h) = h**2 - 656*h + 106700. Give z(358).
16
Let x(u) = 2*u**3 - 39*u**2 - 53*u + 506. What is x(20)?
-154
Let d(k) = 88802*k - 266407. Calculate d(3).
-1
Let y(i) = -i**2 + 3427*i + 152717. Calculate y(-44).
-7
Let c(u) = -20548*u + 81596. What is c(4)?
-596
Let n(p) = -3009*p - 15960. What is n(-5)?
-915
Let k(n) = 6505*n + 77772. Determine k(-12).
-288
Let g(m) = 2751*m - 12609. Calculate g(4).
-1605
Let u(m) = m**2 - 512919*m - 4616360. What is u(-9)?
-8
Let d(k) = -5*k**2 + 141*k + 112. What is d(31)?
-322
Let q(n) = 6*n**3 - 148*n**2 - 14*n - 278. Give q(25).
622
Let d(u) = -217*u**3 + 26*u**2 + 5*u. What is d(-1)?
238
Let r(h) = 6*h**3 - 10913*h**2 - 10920*h - 9. Determine r(-1).
-8
Let u(j) = -29*j**2 - 1894*j - 15943. Give u(-10).
97
Let m(a) = -a**3 + 281*a**2 + 64645*a + 2147. What is m(431)?
-8
Let r(y) = 4597*y - 110213. What is r(24)?
115
Let o(v) = -11*v**2 + 214*v - 467. Determine o(17).
-8
Let q(n) = 4*n**2 + 27*n + 62. What is q(-25)?
1887
Let y(t) = -t**3 - 41*t**2 - 266*t + 194. Calculate y(-13).
-1080
Let g(h) = -4087*h - 625307. Give g(-153).
4
Let y(k) = -k**3 + 145*k**2 + 1064*k - 239. Determine y(152).
-239
Let q(k) = 11381*k - 113757. What is q(10)?
53
Let k(h) = 2*h**3 - 133*h**2 + 336*h - 717. Give k(64).
307
Let t(r) = -r**2 + 21276*r + 319363. Give t(-15).
-2
Let o(n) = n**2 + 864*n + 184867. Calculate o(-475).
92
Let j(t) = 1892*t + 221355. Determine j(-117).
-9
Let a(d) = -d**2 - 36952*d - 258633. Give a(-7).
-18
Let y(r) = -2*r**2 - 63497*r - 2093221. What is y(-33)?
2
Let k(q) = -8*q**3 + 299*q**2 - 1370*q - 191. What is k(32)?
1
Let h(s) = -707*s - 9666. Give h(-15).
939
Let i(v) = 7089*v + 42431. Give i(-6).
-103
Let l(s) = -3833*s - 321937. What is l(-84)?
35
Let z(d) = -1135*d - 497140. Determine z(-438).
-10
Let o(a) = a**3 + 38*a**2 + 241*a + 749. Calculate o(-31).
5
Let p(w) = 2*w**2 + 9*w - 438. Calculate p(-33).
1443
Let i(t) = -14524*t - 2774080. Determine i(-191).
4
Let q(f) = -13*f**3 + f**2 - 1243*f - 3762. Determine q(-3).
327
Let o(b) = -102547*b - 1025386. What is o(-10)?
84
Let x(i) = i**3 + 49*i**2 + 38*i - 2446. Determine x(-47).
186
Let z(b) = -b**2 - 711*b + 140384. What is z(161)?
-8
Let a(v) = v**3 - 44*v**2 - 50*v + 32. What is a(45)?
-193
Let m(j) = -112910*j - 5080965. Determine m(-45).
-15
Let f(y) = 684*y - 30677. Give f(45).
103
Let o(c) = -574*c + 27504. Determine o(48).
-48
Let h(i) = -18776*i + 150202. Give h(8).
-6
Let j(k) = -k**3 + 7*k**2 + 18*k - 215. Give j(-5).
-5
Let h(j) = 2*j**2 + 4537*j - 50147. Give h(11).
2
Let z(u) = 45*u**2 - 5219*u - 50. Calculate z(116).
66
Let p(g) = -11*g**2 + 440*g + 714. What is p(37)?
1935
Let d(a) = -10*a**2 + 5528*a - 739544. Give d(227).
22
Let z(o) = o**3 - 164*o**2 - 1386*o - 100. Determine z(-8).
-20
Let u(h) = 65114*h + 6967202. What is u(-107)?
4
Let h(m) = -m**3 + 305*m**2 - 3211*m - 6676. Give h(294).
86
Let x(a) = -a**2 - 221*a - 10368. Determine x(-68).
36
Let b(v) = 266*v**2 + 4803*v + 266. Determine b(-18).
-4
Let a(n) = -75*n**2 - 17765*n + 2367. What is a(-237)?
-3
Let g(d) = d**3 + 66*d**2 - 1781*d - 122187. Calculate g(-64).
-11
Let o(q) = -2*q**3 - 29*q**2 + 11116*q + 3774. What is o(-82)?
2
Let b(u) = 3205*u + 317854. Give b(-99).
559
Let p(x) = x**3 - 17*x**2 - 226*x + 3275. What is p(20)?
-45
Let q(o) = -551*o**3 + 7*o**2 + 19*o - 57. Give q(2).
-4399
Let b(j) = 2023*j**2 - 3349*j - 5. Give b(1).
-1331
Let b(l) = -35111*l + 4739984. Give b(135).
-1
Let r(p) = p**3 + 29*p**2 - 299*p - 8630. Give r(-29).
41
Let s(m) = m**3 + 263*m**2 + 3013*m + 24. What is s(-12)?
12
Let s(d) = -464*d + 28532. Calculate s(61).
228
Let l(m) = m**3 + 26*m**2 - 1831*m - 547. Calculate l(32).
253
Let n(k) = -3137*k**2 - 166259*k + 183. What is n(-53)?
77
Let g(z) = -10*z**2 - 2866*z - 50843. Give g(-19).
1
Let k(y) = -31*y - 9782. Give k(-139).
-5473
Let a(f) = -2*f**2 - 719*f - 9241. Determine a(-346).
101
Let y(l) = 18*l**3 + 136*l**2 + 34*l + 75. Determine y(-8).
-709
Let o(m) = -5*m**3 - 522*m**2 - 210*m + 172. Determine o(-104).
380
Let b(w) = 100*w**2 - 83*w + 416. Give b(4).
1684
Let b(i) = 2*i**3 - 57*i**2 + 86*i - 234. Give b(27).
-99
Let w(x) = 3*x**2 + 1676*x + 6651. Give w(-4).
-5
Let g(t) = -2*t**2 + 611*t - 45776. Calculate g(132).
28
Let u(q) = q**2 + 9069*q - 63509. What is u(7)?
23
Let b(t) = -19512*t - 5639063. Calculate b(-289).
-95
Let y(j) = j**3 - 5*j**2 + 98*j - 383. Determine y(4).
-7
Let v(b) = 7*b**3 - 290*b**2 + 400*b - 29. Calculate v(40).
-29
Let a(k) = 362*k**3 - 6*k**2 + 13*k - 2. Determine a(1).
367
Let v(o) = -19*o**2 - 333*o + 1366. Calculate v(4).
-270
Let v(l) = -l**2 - 1970*l - 23501. Determine v(-12).
-5
Let c(n) = -n**3 - 57*n**2 + 340*n - 1700. Determine c(-63).
694
Let d(h) = 19743*h - 138185. Determine d(7).
16
Let y(x) = -x**3 - 2995*x**2 - 41802*x - 971. Give y(-14).
-19
Let f(q) = 68*q**2 + 197*q - 833. Give f(-6).
433
Let b(a) = 22780*a + 1685712. Give b(-74).
-8
Let u(o) = 32*o**2 + 6668*o + 28557. Determine u(-204).
-3
Let p(n) = -240*n**3 - 922*n - 922. Calculate p(-1).
240
Let p(z) = -z**2 - 479*z - 56246. What is p(-263)?
562
Let t(z) = 138822*z + 277636. Calculate t(-2).
-8
Let t(a) = -a**2 - 1684*a + 99229. Give t(57).
-8
Let u(j) = 59*j**2 + 3640*j - 1113. Determine u(-62).
3
Let r(w) = w**3 - 699*w**2 - 5749*w + 65752. Give r(707).
1
Let c(l) = -l**3 - 4*l**2 - 35008*l - 140020. What is c(-4)?
12
Let f(o) = -1749*o + 17990. Determine f(8).
3998
Let j(k) = k**3 - 140*k**2 + 2491*k - 328. Determine j(21).
-496
Let f(d) = d**3 + 35*d**2 - 61*d - 932. Determine f(-36).
-32
Let m(j) = -6931*j + 48500. Give m(7).
-17
Let m(h) = -1181*h + 118039. Give m(100).
-61
Let x(z) = z**2 - 32*z - 14811. Determine x(137).
-426
Let m(k) = 512*k**3 + 6*k**2 - 102*k - 218. What is m(-2)?
-4086
Let f(j) = 3*j**3 - 277*j**2 - 10100*j + 242. Give f(-28).
18
Let f(h) = h**3 + 48*h**2 - 174*h - 8194. Determine f(-48).
158
Let o(w) = -1916*w - 95449. What is o(-50)?
351
Let f(r) = -60*r - 532. Determine f(10).
-1132
Let k(x) = -32*x**2 - 1014*x - 2033. Calculate k(-2).
-133
Let y(t) = 397789*t - 20287241. Calculate y(51).
-2
Let f(v) = -37*v**2 + 1642*v - 1642. Determine f(1).
-37
Let h(o) = -2*o**3 + 39*o**2 - 167*o - 72. Give h(13).
-46
Let x(m) = -273*m**2 - 61144*m + 1846. Calculate x(-224).
54
Let t(d) = -452702*d + 2716185. Determine t(6).
-27
Let v(w) = w**3 - 40*w**2 - 35251*w + 1443603. What is v(41)?
-7
Let h(w) = 2*w**2 + 392*w + 11565. What is h(-36)?
45
Let i(q) = q**2 - 536*q + 37223. Determine i(82).
-5
Let p(m) = 66*m**2 - 1138*m - 7. Calculate p(-2).
2533
Let n(t) = -354*t**2 - 92041*t - 266. What is n(-260)?
-6
Let h(d) = -3140*d + 141022. What is h(45)?
-278
Let y(l) = -2*l**2 - 41*l + 11685. Give y(-87).
114
Let o(b) = b**2 + 199*b + 1118. Calculate o(-6).
-40
Let b(s) = -6*s**2 - 248*s + 1729. Give b(-46).
441
Let u(x) = 3*x**2 + 66*x - 2. Determine u(-22).
-2
Let a(r) = 78871*r - 2208386. What is a(28)?
2
Let j(t) = -736*t + 191181. What is j(260)?
-179
Let i(n) = 374*n - 24799. Calculate i(66).
-115
Let i(j) = 2819417*j + 16916493. Calculate i(-6).
-9
Let h(t) = -2841*t - 110802. Calculate h(-39).
-3
Let h(o) = o**3 - 88*o**2 + 1727*o - 246. Calculate h(61).
4634
Let k(h) = 3*h**2 + 539*h - 3393. What is k(6)?
-51
Let t(f) = -f**2 - 24289*f - 1115184. Give t(-46).
-6
Let s(n) = n**2 + 74*n + 1355. Calculate s(-33).
2
Let w(q) = q**3 - 94*q**2 - 929*q + 9. Give w(-9).
27
Let j(i) = 541*i**2 - 1213*i + 1207. Calculate j(1).
535
Let b(f) = -185*f + 2302. Give b(19).
-1213
Let o(f) = -4*f - 1084. What is o(-269)?
-8
Let o(z) = 13*z**2 + z - 75. Calculate o(-7).
555
Let u(s) = 7*s**2 + 919*s + 2923. Give u(-128).
-21
Let i(d) = -2*d**3 - 5*d**2 + 693*d + 67. What is i(17)?
577
Let c(y) = -46388*y + 417301. Determine c(9).
-191
Let d(o)